202?
-114432430
In base 14, what is -1 - 17bda3?
-17bda4
In base 10, what is 4758 - -1181?
5939
In base 12, what is -7 + 17b3a2?
17b397
In base 16, what is ac0a85 + c?
ac0a91
In base 10, what is -1751424 - -130?
-1751294
In base 12, what is 3a5b - -372?
4211
In base 13, what is -1408 - -5a031?
58926
In base 13, what is -72525 - -5c9?
-71c29
In base 11, what is -958 - -1000?
153
In base 4, what is 1221201 + -12012001?
-10130200
In base 16, what is -3 - -2c3866?
2c3863
In base 2, what is -1011010010010011010011010 + -1110?
-1011010010010011010101000
In base 7, what is 1023 - 1321211?
-1320155
In base 6, what is -31152505 + -201?
-31153110
In base 11, what is -101 + -9a789?
-9a88a
In base 3, what is 102022 - 1222220002000?
-1222212122201
In base 13, what is aa031 - -17c?
aa1b0
In base 11, what is 5 - 281166a0?
-28116696
In base 12, what is 1aa0 + 139?
2019
In base 15, what is 1d08ce - -2e?
1d090d
In base 5, what is 1301213134 + -32?
1301213102
In base 14, what is 155 + -307b3?
-3065c
In base 16, what is -27c6780 - -4?
-27c677c
In base 6, what is 40324434 - 11?
40324423
In base 14, what is -5 - -a704c?
a7047
In base 15, what is -1ea1d57 + -2?
-1ea1d59
In base 2, what is -1011 - 1111111101011111110110?
-1111111101100000000001
In base 11, what is 580722a + -4?
5807226
In base 3, what is -112002020100 + 200?
-112002012200
In base 4, what is 303231202 + -23012?
303202130
In base 4, what is -130103202200 + -101?
-130103202301
In base 9, what is 4855624 - -7?
4855632
In base 10, what is 75 + 76453?
76528
In base 2, what is -1001111100000 + 110111?
-1001110101001
In base 11, what is 343 + -8311?
-7a79
In base 11, what is -24a526a8 - 5?
-24a52702
In base 4, what is 322 + -322311103?
-322310121
In base 6, what is -2354253453 - 1?
-2354253454
In base 14, what is 36 - 24dd0d?
-24dcb7
In base 4, what is -110120201001 + -10?
-110120201011
In base 2, what is 101111001100010101 - -110111?
101111001101001100
In base 10, what is 123502 - -1244?
124746
In base 9, what is 401 - -1154775?
1155276
In base 9, what is -433811 + -55?
-433866
In base 6, what is -25 - -2132404?
2132335
In base 3, what is 2101 - 202122222000?
-202122212122
In base 2, what is 10111011100000101010 + -10011?
10111011100000010111
In base 16, what is -1a1ae + df?
-1a0cf
In base 16, what is 1339af + -57?
133958
In base 10, what is -39 - 210779?
-210818
In base 7, what is -145355 - 21026?
-166414
In base 8, what is 3301064 + -11?
3301053
In base 6, what is 3 - -11242553433?
11242553440
In base 6, what is -133505042 - -12?
-133505030
In base 13, what is 534c690 - 5?
534c688
In base 5, what is 24 - 1110221230?
-1110221201
In base 11, what is 3a91129 - 0?
3a91129
In base 7, what is -1500456 - -52?
-1500404
In base 12, what is -43124b + -3?
-431252
In base 4, what is -12012200132 - -3?
-12012200123
In base 16, what is -10 - -2dcadb?
2dcacb
In base 6, what is -155 - 511033?
-511232
In base 9, what is -17120 + -5?
-17125
In base 8, what is 1005200240 + -1?
1005200237
In base 10, what is -13048 + 122?
-12926
In base 2, what is -1000100111001111011111011100 - 0?
-1000100111001111011111011100
In base 11, what is 281aa + 105?
28304
In base 14, what is 13322123 - -3?
13322126
In base 8, what is 50263307 + -55?
50263232
In base 12, what is -b8 - 8331b?
-83417
In base 10, what is -15 + 5934215?
5934200
In base 5, what is -102113 + 2102242?
2000124
In base 4, what is -20320203 - 2312?
-20323121
In base 13, what is -330a93cc - 0?
-330a93cc
In base 5, what is 4413 - 112314?
-102401
In base 8, what is 152622 + -666?
151734
In base 16, what is -c65cd + -14b?
-c6718
In base 6, what is -2415351425 + -5?
-2415351434
In base 10, what is 1727 + 381507?
383234
In base 10, what is -456186666 - -5?
-456186661
In base 14, what is -2 - -442d59?
442d57
In base 9, what is 5 - 72213068?
-72213063
In base 14, what is -9d00519 - 1?
-9d0051a
In base 10, what is -735 - -217467?
216732
In base 3, what is 121020002000 - 2?
121020001221
In base 7, what is -135661 + 550?
-135111
In base 10, what is -1 + -36832451?
-36832452
In base 8, what is 176560 - 12535?
164023
In base 15, what is -3eadad - 4?
-3eadb2
In base 8, what is 160 + 33617?
33777
In base 3, what is 2011120212001 - -20?
2011120212021
In base 7, what is -4350622 + 435?
-4350154
In base 14, what is -13 - 1b0445?
-1b0458
In base 10, what is 40 - -3287699?
3287739
In base 5, what is -4434331110 - 34?
-4434331144
In base 14, what is -450ad8 + 0?
-450ad8
In base 4, what is -2 + -130320312030?
-130320312032
In base 14, what is 1c64460 - -4d?
1c644ad
In base 5, what is 1344 - 2100332?
-2043433
In base 9, what is -132 + -1728545?
-1728677
In base 10, what is 1981649 + -8?
1981641
In base 4, what is 202111332132 + 1303?
202112000101
In base 11, what is -55 - -938a5?
93850
In base 10, what is -1139 + -521?
-1660
In base 4, what is 111210101 - 123322?
111020113
In base 14, what is -2 + 62d061b?
62d0619
In base 8, what is -210362270 + 0?
-210362270
In base 3, what is 20111012110 - -1020?
20111020200
In base 15, what is c36db3a - 1?
c36db39
In base 16, what is -42f1 + -f6e?
-525f
In base 8, what is -4 - 611464415?
-611464421
In base 7, what is 230051 + -6622?
220126
In base 14, what is -4a14 - -19bc7?
151b3
In base 11, what is 983542 + 5?
983547
In base 4, what is -11 - -310003310131?
310003310120
In base 14, what is a4 - 68c43?
-68b7d
In base 12, what is 4b74b900 + -2?
4b74b8ba
In base 7, what is -424261 + -2040?
-426331
In base 8, what is -6666 - 54650?
-63536
In base 15, what is -5462e - -25?
-54609
In base 13, what is -11a + -802895?
-8029b2
In base 13, what is -43ca16 - 24b?
-43cc64
In base 5, what is -231240012 - 1113?
-231241130
In base 3, what is -12 + -120100220120100?
-120100220120112
In base 12, what is 0 - 643074?
-643074
In base 12, what is 7bb94 - 67?
7bb29
In base 10, what is -166 - 59741?
-59907
In base 5, what is 4313403443102 - 0?
4313403443102
In base 3, what is 12210001 + -10112002?
2020222
In base 13, what is -176 + -3a3c8?
-3a571
In base 10, what is 75087 + -56?
75031
In base 4, what is 221100330233 + -3?
221100330230
In base 14, what is 6716 - -b6?
67cc
In base 8, what is 73532263 - 55?
73532206
In base 4, what is 11330 - 310002?
-232012
In base 11, what is 1 - 196106?
-196105
In base 6, what is -12403002 - 401?
-12403403
In base 8, what is 7 + 71545543?
71545552
In base 15, what is 4 - -17ebcd97?
17ebcd9b
In base 10, what is 7575 - -665?
8240
In base 14, what is -a7c7 - -3aa6?
-6b21
In base 4, what is -10 - -2311123311?
2311123301
In base 5, what is 2244243404 - -1?
2244243410
In base 2, what is -11011 - -1001110010111001001010?
1001110010111000101111
In base 14, what is -7 + 7cd5967?
7cd5960
In base 4, what is 2023310 - -12113?
2102023
In base 16, what is 40ef + 30a?
43f9
In base 9, what is 65816 + 161?
66077
In base 13, what is -218 + 15986?
1576b
In base 3, what is 100210 - -21212222000?
21220022210
In base 12, what is 6 + 49321?
49327
In base 10, what is -1550826 + 5?
-1550821
In base 11, what is -1498 + 2034?
647
In base 16, what is -5 + -1c25e8?
-1c25ed
In base 7, what is 11 - -35040520?
35040531
In base 6, what is -10211133351 - -4?
-10211133343
In base 4, what is 121313 + 13132?
201111
In base 15, what is 3c + 13a8c?
13ac9
In base 16, what is 1e26a - -72?
1e2dc
In base 7, what is -31 + -21230240?
-21230301
In base 6, what is -52232310 - 25?
-52232335
In base 12, what is -40bb76 - -4?
-40bb72
In base 4, what is 2223 - -233103023?
233111312
In base 2, what is 11 - 11111100111110111001001?
-11111100111110111000110
In base 6, what is -31013 + -11353?
-42410
In base 3, what is 1100221220100 + -1211?
1100221211112
In base 10, what is -6 + 6064653?
6064647
In base 11, what is 50 + -2a09?
-2969
In base 10, what is 73632 - -442?
74074
In base 7, what is -123453625 + 1?
-123453624
In base 14, what is -7180213a + -4?
-71802140
In base 13, what is 129467 - 11?
129456
In base 6, what is 1342 - 214425?
-213043
In base 15, what is 1a - 60a68?
-60a4d
In base 13, what is c8291a + -4?
c82916
In base 4, what is 133 + -33310312?
-33310113
In base 2, what is -100001100000101001000 - 1010100110?
-100001100001111101110
In base 5, what is 113042 + 33310?
201402
In base 11, what is -9 - a29a15a?
-a29a168
In base 5, what is -40022 + -42443?
-133020
In base 2, what is -10 + -10